.
74
Let f(c) = 2*c**3 + 2*c**2 + c. Let r(i) = -5*i**3 + 9*i**2 - 16*i + 45. Let o(d) = -3*f(d) - r(d). Determine o(-16).
3
Let r(f) = -7*f**2 + 5*f + 5. Let z = 76 + -74. Let n(u) = -4*u + 2*u**2 + 5*u**2 + 2*u**2 - 4 - 3*u**z. Let t(o) = -6*n(o) - 5*r(o). Give t(4).
-21
Let j(r) = r + 33. Suppose 612 = 17*d - 22*d - 31*d. Give j(d).
16
Let z(u) = -6*u + 1. Let s be z(5). Let c = -27 - s. Let y(q) = q**2 - q**c - 51*q**3 + 52*q**3 - 8. Determine y(0).
-8
Let m(d) be the second derivative of d**6/720 + 113*d**4/12 + d**2 + 2*d + 107. Let j(b) be the third derivative of m(b). What is j(-2)?
-2
Suppose -5*d - 4*w = -38, 2*d - 7*d + 3*w = 11. Let p(x) be the first derivative of -1/2*x**d - 12 + 4*x. What is p(8)?
-4
Let i(w) = 20*w + 595. Let x be i(-28). Let r(g) = g**3 - 37*g**2 + 70*g + 6. Give r(x).
6
Let a(c) = 89*c + 20. Let n(x) = 50*x + 11. Let o(r) = 3*a(r) - 5*n(r). Give o(3).
56
Let d(i) = -2*i - 26. Let x(g) = -26 - 2*g - 148 - 6*g + g - 9*g. Let n be x(-10). Calculate d(n).
2
Let s(d) = d**3 - 28*d**2 + 1. Let b(l) = 4*l**3 - 85*l**2 + 5. Let y(k) = b(k) - 3*s(k). What is y(2)?
6
Let c = 6442 - 6401. Let z(p) = -2*p + 104. Calculate z(c).
22
Let w(l) = l. Let u(i) = -3*i - 15. Let r be u(-6). Let n(c) = -7*c**2 + 0 + 17*c**2 + r*c + 2 - 8*c**2. Let f(j) = n(j) + w(j). Give f(-3).
8
Let t(f) = -2*f - 7. Suppose 0 = 5*p - 76 + 56. Suppose 0 = -a - p - 1. What is t(a)?
3
Let f(d) = -d**2 - 5*d - 3. Let r be f(-3). Suppose -r*g - u = 5, 3*u + 4 = u. Let v be g*(-3 - 0)*(4 + -2). Let x(p) = p**2 - 5*p - 3. Determine x(v).
3
Suppose h = -k - 7, -5*h - 3*k = -k + 26. Let m(s) = s**3 - 2*s**3 - 883 - 5*s**2 + 888 - 4*s. Calculate m(h).
5
Let g(h) = -6*h + 137. Let p(a) = 3138*a - 18814. Let y be p(6). Calculate g(y).
53
Let n(g) = -g**3 + g**2 - g + 3. Let x be ((-10)/6)/((-15)/45). Suppose -x*y + 15 = 3*j, 0 = -6*y + 2*y + j + 12. Calculate n(y).
-18
Let q(v) = v**2 - 13*v + 17. Suppose -4*h - 17 = -3*b, 76 - 58 = 2*b + 4*h. What is q(b)?
-25
Let v(n) be the second derivative of -n**4/12 + 2*n**3/3 + 7*n**2 - n - 925. Determine v(6).
2
Let w = 5516 + -5514. Let s(t) = t**2 + 4*t. Let z(x) = 6*x + 0 + 3*x**2 + 1 + x. Let p(n) = w*z(n) - 5*s(n). Calculate p(5).
-3
Suppose 3*x + 0*x + 31 = -2*d, -2*x = 3*d + 19. Let p = x - -13. Let f(w) = -w**3 + 2*w**3 + 6*w**p - 1 + 4. What is f(-6)?
3
Let f(v) = -2*v**2 + 243*v + 96. Let y(d) = -d**2 + 195*d + 96. Let r(c) = -3*f(c) + 4*y(c). What is r(-23)?
-19
Let k be (4536/(-540))/(13/(-10) - -1). Suppose k = -4*p - 3*p. Let r(v) = -v**2 - 5*v - 2. Determine r(p).
2
Let g(m) = -3*m + 9. Let i be (40/4 - -2) + -10. Give g(i).
3
Let y(v) = -9*v + v**3 - 14*v**2 - 6*v**2 - 4 + 17*v**2 + 2. Determine y(-2).
-4
Let t = 32764 - 32769. Let q(i) = 27*i - 17. Give q(t).
-152
Let p(y) be the first derivative of y**3/3 - 5*y**2 - 4*y + 5. Suppose -116*s = -591 - 221. Calculate p(s).
-25
Let r(z) = z. Suppose -3*a - 82 = -145. Let c be (a/12)/(14/(-56)). Determine r(c).
-7
Let u(k) = -5*k + 4*k - 1636 + 1639. Suppose -4*r - r = 0. Calculate u(r).
3
Let c = -10807 - -10792. Let m(d) = d**3 + 11*d**2 - 60*d + 3. Determine m(c).
3
Suppose 10 + 61 = -21*d - 34. Let f(b) = -4*b**2 - 4*b - 2. Calculate f(d).
-82
Let b(w) = -144*w - 108. Let o(c) = 93*c + 107. Let j(i) = -2*b(i) - 3*o(i). What is j(10)?
-15
Let j(u) = 14*u - 6. Suppose -23*k - 28*k + 8*k = 301. What is j(k)?
-104
Let g(r) = 2*r**2 + 41 + 27*r - 2*r**2 - 2*r**2 - 106 + 3*r**2. Determine g(-30).
25
Let b(n) = -2*n**2 + 21*n - 40. Let r be b(3). Let p(o) = -o**3 + 8*o**2 - 7*o + 6. Calculate p(r).
46
Let p(h) = 3*h**2 + 12*h + 9. Suppose -21*b + 31 - 123 = 55. Give p(b).
72
Let g be (-12)/30 + (-489)/15. Let k = g - -23. Let y(r) = r + 12. Let z be y(k). Let l(x) = -4*x**2 - x. What is l(z)?
-18
Let q(l) = l**2 - 26*l + 85. Let m be (-288)/(-13) - (20/65)/2. Calculate q(m).
-3
Suppose -7*y + 2*y = -5*i - 35, -4*y = i - 23. Suppose -4*h = -3*h - y. Let f(z) = z**3 - 7*z**2 + 6*z + 3. Determine f(h).
3
Let n(x) = x**3 + 8*x**2 - 9*x + 2. Let z = -180 - -174. Let a be 56/z - (-3)/9*1. Give n(a).
2
Suppose 3*j - 4 = 11. Let w(b) = 6*b + 11. Let u(y) = -44*y + 51*y + 7 + 1 + 4. Let h(z) = j*u(z) - 6*w(z). Calculate h(-6).
0
Let q(k) = -k**3 + 14*k**2 - 43*k + 21. Let p(c) = -c**3 + 15*c**2 - 52*c + 24. Let y(h) = 6*p(h) - 7*q(h). What is y(10)?
87
Let s(p) = -p**2 + 1. Let d(a) = -3*a**2 - a + 2. Let b(h) = 2*d(h) - 7*s(h). Let r(n) = -2*n - 32. Let t be r(-14). Let u be (2/(-2))/(t/(-8)). What is b(u)?
5
Let d(y) be the first derivative of 23*y**2/2 - 21*y - 3196. Calculate d(2).
25
Suppose 2*c + 1 + 12 = g, -3*g - 5 = 5*c. Suppose 4*m + 4*w = -0*m - 4, m - g*w = 11. Let t(r) = 20*r - 1. Determine t(m).
19
Let z(n) be the third derivative of n**7/2520 + n**6/360 + n**5/24 - 43*n**4/12 - 70*n**2. Let t(a) be the second derivative of z(a). Give t(-5).
20
Let w(k) = 9*k - 1. Let r be (2 - 15/10)*0. Suppose -6*m + 9*m + 9 = r. What is w(m)?
-28
Let p(r) = 122*r**2 + 2*r + 11. Let c(o) = -606*o**2 - 10*o - 57. Let k(j) = -4*c(j) - 21*p(j). Determine k(-1).
-139
Suppose 5*j - 4*n - 51 = -5*n, j - 3*n + 9 = 0. Let l(z) = -37*z + 338. What is l(j)?
5
Let d(z) = -9*z**2 + 3*z - 33. Let a(c) = 7*c**2 - 3*c + 24. Let m(l) = 4*a(l) + 3*d(l). Calculate m(5).
7
Let r(b) be the first derivative of -115 + 7/2*b**2 + b. What is r(-5)?
-34
Let m(z) be the third derivative of -z**5/60 + 11*z**4/24 - 8*z**3/3 - 6*z**2. Let t be m(9). Let j(h) = 0 - 1 + t*h - 3 + 0. What is j(5)?
6
Let l(z) = -3*z**2 + 28*z - 33. Let a = 18396 - 18388. Determine l(a).
-1
Let u(y) = -5*y - 38. Let f be u(-8). Let b(i) = 53*i**2 + 61*i**f - 115*i**2 - 3*i - 5*i + 10. Calculate b(-9).
1
Let d(t) = 69*t**2 - 101*t + 205. Let u(v) = 28*v**2 - 51*v + 103. Let x(c) = -2*d(c) + 5*u(c). What is x(24)?
-15
Let i(y) = -2*y**2 - 10*y - 18. Let v be i(-9). Let t = v + 83. Let q(u) = u**2 + 7*u - 5. Calculate q(t).
-5
Let k(a) = 4*a**3 + 10*a**2 - 7*a - 5. Let c be k(1). Let b(o) = 20*o**3 + 2*o**2 + o - 2. Calculate b(c).
168
Let f(d) = 2*d + 32. Let t be f(-15). Let v(j) = j**3 - 30*j**2 + 24*j**t + 3 - 3*j**2 - 9*j. Calculate v(10).
13
Let f(c) = c**3 + 54*c**2 + 54*c + 51. Let n be 85393/(-1617) + (-4)/21. Determine f(n).
-2
Suppose b = p - 27, 5*b = -p - p - 121. Let a = b + 27. Suppose -2 = a*x - 3*x. Let o(v) = -v - 1. What is o(x)?
-3
Let d(n) = -19*n - 138. Let p be d(-7). Let z be p - (-1)/1 - (38 - 41). Let k(q) = 26*q**3 + 2*q + 1. What is k(z)?
-27
Let b(l) = -139*l + 55. Let n(f) = -f - 52. Let u(t) = -b(t) - n(t). Determine u(1).
137
Let a(d) = -d**2 + 4*d + 4. Let z(n) = -3*n**2 + 12*n + 12. Let h(c) = 11*a(c) - 4*z(c). Suppose 3*j - 55 = -5*t + 8*j, 3*t - 3 = -2*j. Calculate h(t).
1
Let s be ((-12)/10)/((-2)/5). Let c(i) be the first derivative of -i**3 + 1/4*i**4 + 0*i**2 + 8 - 3*i. Calculate c(s).
-3
Suppose -2*s - 5*k = -13, 22 = 3*s - k + 11. Let g(j) be the third derivative of 0 + 16*j**2 + 1/60*j**5 + j**3 + 1/3*j**s + 0*j. What is g(-6)?
-6
Let m(c) be the third derivative of -c**5/60 + 13*c**4/8 - 28*c**3 - 2*c**2 + 922*c. Determine m(5).
2
Let k(r) be the third derivative of -r**6/120 + r**5/12 - 5*r**4/24 + r**3/3 + r**2 - 20*r. Determine k(3).
5
Let f(v) be the second derivative of v**4/12 + 7*v**3/6 + v**2/2 + v. Let i be -2 + -2 + 99 + 26. Suppose 22*a = 33 - i. What is f(a)?
-11
Let c(l) = -4*l**2 + 3*l - 1. Let d(n) = -n**2 + 11*n - 23. Let p be d(9). Let f be p + (-86)/(-12) + 5/(-30). Determine c(f).
-11
Suppose -3*n + 93 = 87. Let t(o) = -3*o**2 + 3*o - 4. Calculate t(n).
-10
Suppose 9*f = 4*f + 75. Suppose 3*w + 3*k = 6*k - f, -4*k + 20 = -3*w. Suppose w = 5*o + 6*v - 2*v + 2, -4*o + 2 = 5*v. Let h(i) = 4*i - 2. What is h(o)?
-10
Let r(c) = 21*c. Let w(q) = 218*q + 52. Let o(z) = 10*r(z) - w(z). Give o(-5).
-12
Suppose 5*i + b - 5 - 4 = 0, -4*b = 3*i - 2. Suppose 0 = i*h + 166 - 50. Let f = h - -63. Let m(k) = k**2 - 5*k - 2. Calculate m(f).
-2
Let t(b) = 2*b - 14. Let q(n) = 41*n**2 + 24 + 32 + 31*n - 38*n**2. Let f be q(-2). Calculate t(f).
-2
Let h(d) = -3*d - 67. Let p(m) = 4*m**3 - 777*m**2 - 584*m - 220. Let l be p(195). Calculate h(l).
8
Let k be 1/(-1) + 3 + 1. Let r = -4 + k. Let h(y) = 8 - 14 + 5 - 7*y. Determine h(r).
6
Let r(d) = -27*d**2 + 2*d + 2. Let w = -